 2*v + 44 = 0, -3*v - 257 = -3*g - 89. What is the greatest common factor of 130 and g?
26
Let u(j) = 1 + 2 + 8 + 8*j - j**2. Let i be u(8). Suppose n - t = 2*t + 105, -398 = -4*n + t. What is the greatest common divisor of i and n?
11
Let s = -58 - -62. What is the highest common divisor of s and 4?
4
Let f be (4 + -2)/(6/(-15)). Let p be f/((-10)/(-4)) + 5. Suppose p = c - 6. Calculate the greatest common factor of c and 18.
9
Suppose 12 = -5*y + 3*o, 0*o - 8 = 2*y + 2*o. Let g = y - 3. Let i be (-4)/g + 8/6. Calculate the greatest common divisor of 2 and i.
2
Let h(a) = -2*a + 8. Let s be h(-9). What is the greatest common divisor of s and 13?
13
Let f(g) = -g**3 - 9*g**2 + 7*g - 10. Let t be f(-10). Let m be (1 - 249/9)*(-3)/2. What is the highest common factor of m and t?
20
Let j = -7 + 5. Let s be (22/(-5))/(j/10). What is the greatest common divisor of s and 11?
11
Suppose 101 = -3*d + 401. Let z be (-4)/(-14) + 40/7. Suppose u - z - 34 = 0. Calculate the highest common divisor of u and d.
20
Let b be -17 + 3 - (-1 + 3). Let c be -1 - b - (0 - 1). Calculate the greatest common divisor of c and 128.
16
Suppose v - 56 = -3*v. Calculate the highest common divisor of 21 and v.
7
Let t be (161/(-14))/((-1)/(-2)). Let l = -9 - t. What is the greatest common factor of l and 112?
14
Let o(f) = -f + 3*f + 3*f - 4. Let z be o(5). Suppose 7 = -4*y + 5*y. What is the highest common factor of z and y?
7
Let q = 83 - 6. Suppose -2*f - b = -20 + 3, 3*f = b + 18. What is the highest common factor of q and f?
7
Suppose -4*w + 10 = -90. Let z = w + 8. Calculate the highest common factor of 22 and z.
11
Let a(t) = 3*t**3 - t**2 + t - 1. Let p be a(1). Let s = -5 + 11. What is the greatest common divisor of s and p?
2
Let o = 76 + -34. Calculate the greatest common divisor of 21 and o.
21
Let k(w) = 7*w**2 - 5 + 2*w - 4*w**3 - w**2 + 3*w**3. Suppose -3*h + 22 = -5*o - 10, h = -o. Let t be k(h). What is the highest common factor of 5 and t?
5
Let v be (14/3)/(4/18). What is the greatest common divisor of 49 and v?
7
Let h(r) = r + 3. Let f be h(5). Calculate the highest common divisor of f and 8.
8
Let o = -320 + 328. Let z = 19 - 3. What is the greatest common divisor of z and o?
8
Let p be (3 - 1)/(1/10). Suppose 0 = r - 3*r - 28. Let t be (180/14)/((-1)/r). Calculate the greatest common divisor of t and p.
20
Let j be 3/(-6) - 42/(-4). Let n(m) = m**3 - 5*m**2 - 6*m - 1. Let d be n(6). Let f = j + d. Calculate the highest common factor of f and 9.
9
Let d(r) = -r**2 + 0*r**2 + 0 + 1 + 12*r. Let q be d(7). Let s = -24 + 33. Calculate the greatest common divisor of q and s.
9
Let t(z) = -3*z**3 - 3*z**2 + z + 2. Let y be t(-2). Let k = 460 + -212. Suppose -3*r + 112 = -k. What is the greatest common divisor of y and r?
12
Let x = -38 - -65. Suppose 3*q + 0 - x = 0. What is the greatest common factor of 45 and q?
9
Let w(k) = 6 + 5 - k - 1. Let x be w(7). Suppose -372 = -4*u - 3*f + 5*f, x*u + 3*f = 297. What is the greatest common divisor of u and 38?
19
Let y = 69 + -49. Suppose 3*r + 6 = 18. What is the greatest common divisor of r and y?
4
Let d = -124 - -161. Calculate the highest common factor of 111 and d.
37
Let p(h) = 3*h**2 + 4*h - 8. Let u be p(-4). Calculate the greatest common factor of 120 and u.
24
Suppose 8 = 3*l - 172. Let h(r) = 3*r - 9. Let y be h(5). Calculate the greatest common divisor of l and y.
6
Let t(w) = w**3 + w + 4. Let m be t(0). Suppose 14 + 6 = q. Suppose 3*y - 3*d - m = 8, 0 = -5*y + d + q. Calculate the greatest common divisor of 8 and y.
4
Suppose 0 = -4*r - 16 + 64. What is the greatest common divisor of r and 4?
4
Suppose -2*v = -8 - 4. Suppose -20*o + 25*o - 120 = 0. Calculate the greatest common factor of v and o.
6
Suppose -2*q - 7 = -29. Let h = q + -11. Suppose n - 4*o - o - 55 = h, 0 = -n + 2*o + 58. Calculate the greatest common divisor of n and 24.
12
Let r(j) = 9*j - 24. Let d be r(14). Calculate the greatest common factor of d and 34.
34
Let y = 35 + 1. What is the highest common factor of 12 and y?
12
Let s = -172 - -264. Suppose -4*x + s + 20 = 0. Calculate the highest common factor of x and 28.
28
Suppose -4*c - 5*l = 145 - 24, -5*l - 145 = 5*c. Let s = c + 36. Calculate the highest common factor of 4 and s.
4
Let f(o) = -o**3 + o**2 + 3*o - 2. Let c be f(2). Suppose c = 4*v - 5*g - 267, v - 5*g - 63 = -0*g. What is the highest common factor of v and 17?
17
Suppose 0 = -t - t + 18. Let z(m) = 3 - m**3 - m + 2 - 2. Let s be z(0). Calculate the highest common divisor of t and s.
3
Let f be (-24)/16 + 2 + (-46)/(-4). What is the highest common factor of 12 and f?
12
Let f(p) = 2*p**2 - 8*p + 3. Let b be f(7). Let n = -63 + b. Let g = 25 + n. What is the highest common divisor of g and 49?
7
Let h be (31/(-3) - 1)*(-42)/28. What is the highest common divisor of 34 and h?
17
Let f be 4/14 + (-19)/(-7). Suppose 307 = f*v - 71. What is the highest common factor of 18 and v?
18
Suppose 0*l - 2*l + 3*p + 29 = 0, -4*l = -2*p - 38. What is the greatest common factor of l and 1?
1
Suppose 4*h + y = 4*y + 29, 0 = h + 2*y - 21. Calculate the highest common factor of h and 33.
11
Suppose 3*u + 83 + 78 = 2*m, u = -5*m + 394. Suppose 2*g - 33 = -3*z, 5*z = -5*g + z + m. Calculate the highest common divisor of g and 3.
3
Suppose -2*h + 224 = -s, -5*h + 560 = -2*s - 3*s. Calculate the highest common factor of h and 16.
16
Let f be 2/((-42)/9) + 1266/14. What is the greatest common factor of f and 10?
10
Let a be (-7)/(-2)*24/21. Let b = 7 + -5. Let g = b - 1. Calculate the greatest common factor of a and g.
1
Let n(p) = -p**2 - 19*p + 22. Let v be n(-16). What is the greatest common factor of 10 and v?
10
Suppose -11*i = -3*i - 200. What is the greatest common divisor of 100 and i?
25
Suppose 2*a - 4*f + 3 = 7, 5*f = 5*a - 35. Suppose 3*n = n + a. Calculate the highest common divisor of 6 and n.
6
Let w(n) = n**2 + n + 31. Let t be w(0). What is the greatest common divisor of 279 and t?
31
Let n = 220 + -157. Let t = 46 + -13. Let a = 54 - t. Calculate the highest common divisor of a and n.
21
Let b be (-210)/(-49) + 4/(-14). Let x = b - -9. What is the greatest common factor of x and 65?
13
Suppose v + 2 = 2*v. Suppose 0 - 24 = 3*p. Let z = -2 - p. Calculate the highest common divisor of z and v.
2
Let i = -4 + 6. Let y = 0 + 9. Let o = 5 + y. Calculate the highest common factor of o and i.
2
Suppose 0 = 3*r + d - 110, -4 = -2*d + 6. Let m(f) = 22*f + 115. Let u be m(-5). What is the highest common factor of r and u?
5
Suppose 385 = 3*i - 647. Suppose 4*h - 5*b - 349 = 0, -h + 4*b = 3*h - i. Calculate the greatest common divisor of 9 and h.
9
Let p(g) = -5*g + 3. Let w be p(3). Let l be 50/(3*(-1)/w). Suppose -l + 65 = -3*x. What is the highest common divisor of 30 and x?
15
Let a be (-207)/5 + 12/(-20). Let i be 4*(2 + a/(-4)). Calculate the highest common factor of i and 10.
10
Suppose 0 = -g, 0*j - 5*j - 5*g + 15 = 0. What is the greatest common factor of j and 15?
3
Let b(x) = -x**3 + 13*x**2 - 14*x - 4. Let p = 28 + -17. Let f be b(p). What is the greatest common factor of 12 and f?
12
Let v(c) = -3*c - 14. Let r be v(10). Let q = 233 + r. Let t be 0 + 19 - 2*-1. Calculate the highest common divisor of t and q.
21
Let h be (75/6 - -2)*2. Let s = -21 + h. Suppose 2*x - 120 = 56. What is the highest common factor of s and x?
8
Suppose -2*f + 17 = -1. Calculate the highest common factor of f and 9.
9
Let y = -196 + 356. Suppose y = -2*d + 4*d. What is the greatest common divisor of 10 and d?
10
Suppose -g = g - 2*m - 84, -5*g = -3*m - 214. Let r = -29 + g. Calculate the highest common factor of r and 15.
15
Suppose -4*l + 202 + 258 = 0. What is the greatest common factor of 46 and l?
23
Let j be 2/6*(-5 + 74). Calculate the highest common divisor of j and 69.
23
Suppose 0 = -3*v - 76 + 28. Let b be 2*2/(-4)*v. What is the highest common divisor of b and 2?
2
Suppose 3*w - 25 = -2*w. Calculate the greatest common factor of 15 and w.
5
Suppose -5*q = 5*n - 35, 4*n = q + 18 - 5. What is the highest common factor of n and 10?
2
Let p(v) = -8*v - 1. Let f be p(-1). Let a = -11 + 14. Let g be 2/(a*2/21). What is the greatest common factor of f and g?
7
Let w = 72 - 16. Calculate the highest common factor of w and 32.
8
Sup